{"id":1919,"date":"2018-06-13T15:30:31","date_gmt":"2018-06-13T13:30:31","guid":{"rendered":"http:\/\/sylvaindelaissez.fr\/?page_id=1919"},"modified":"2024-02-23T15:54:56","modified_gmt":"2024-02-23T14:54:56","slug":"seance-grossesse","status":"publish","type":"page","link":"https:\/\/sylvaindelaissez.fr\/index.php\/seance-grossesse\/","title":{"rendered":"Seance grossesse"},"content":{"rendered":"<p><img fetchpriority=\"high\" decoding=\"async\" class=\"wp-image-1324 aligncenter\" src=\"http:\/\/sylvaindelaissez.fr\/wp-content\/uploads\/2017\/06\/tiffany_mg_3027-1024x683.jpg\" alt=\"\" width=\"543\" height=\"362\" srcset=\"https:\/\/sylvaindelaissez.fr\/wp-content\/uploads\/2017\/06\/tiffany_mg_3027-1024x683.jpg 1024w, https:\/\/sylvaindelaissez.fr\/wp-content\/uploads\/2017\/06\/tiffany_mg_3027-600x400.jpg 600w, https:\/\/sylvaindelaissez.fr\/wp-content\/uploads\/2017\/06\/tiffany_mg_3027-300x200.jpg 300w, https:\/\/sylvaindelaissez.fr\/wp-content\/uploads\/2017\/06\/tiffany_mg_3027-768x512.jpg 768w\" sizes=\"(max-width: 543px) 100vw, 543px\" \/><\/p>\n<h1 style=\"text-align: center;\">&#8211;<br \/>\n<strong>Formule grossesse : 240\u20ac<\/strong><br \/>\n&#8211;<\/h1>\n<ul>\n<li style=\"text-align: left;\">La grossesse est un moment de la vie particuli\u00e8rement magique qui m\u00e9rite d\u2019\u00eatre immortalis\u00e9 aussi bien pour vous que pour votre famille et encore plus pour votre futur enfant.<br \/>\nQui n\u2019est pas submerg\u00e9 d\u2019\u00e9motion \u00e0 la vue d\u2019une photo de sa m\u00e8re enceinte? Et quand le portrait est une image intemporelle et hors des modes, ce souvenir prend une v\u00e9ritable valeur patrimoniale.<\/li>\n<li style=\"text-align: left;\">Seule et\/ou avec le futur papa, une s\u00e9ance photo shooting se d\u00e9roule en toute intimit\u00e9 et en douceur, mon approche photographique est de faire ressortir sur mes images le rayonnement de cette \u00e9tape unique de la vie d\u2019une femme, sa sensualit\u00e9, sa personnalit\u00e9.<\/li>\n<li style=\"text-align: left;\">Quelques consignes pour un r\u00e9sultat parfait: pensez \u00e0 \u00eatre assortit et plut\u00f4t unis dans vos tenues. Pour les futurs mamans, le but \u00e9tant de montrer le ventre rond et de le faire ressortir sur les images, pensez \u00e0 ne pas mettre de v\u00eatements qui laissent des marques sur le ventre, pour que la peau soit lisse. Bien s\u00fbr, toutes ces petites consignes vous seront rappel\u00e9es au moment de la prise de rendez-vous.<\/li>\n<li style=\"text-align: left;\">Une s\u00e9ance de portrait de femme enceinte en dure environ deux heure, j&#8217;organise des portraits des deux futurs parents et des portraits de la futur maman toute seule avec un travail toujours sur l\u2019expression et le regard avec une mise en avant du ventre. Nous cr\u00e9ons ensemble vos attitudes et tenues en fonction de vos souhaits, mettre en valeur la peau et les rondeurs tout en respectant la pudeur.<\/li>\n<\/ul>\n<h3 style=\"text-align: left;\">D\u00e9tail de la formule<\/h3>\n<ul>\n<li>10 photos sous format num\u00e9rique<\/li>\n<li>Nombre de personnes maximum : 2<\/li>\n<li>Dur\u00e9e de la s\u00e9ance : 1h30<\/li>\n<li>S\u00e9ance en studio ou en ext\u00e9rieur (20 km autour de mandelieu)<\/li>\n<\/ul>\n","protected":false},"excerpt":{"rendered":"<p>&#8211; Formule grossesse : 240\u20ac &#8211; La grossesse est un moment de la vie particuli\u00e8rement magique qui m\u00e9rite d\u2019\u00eatre immortalis\u00e9 aussi bien pour vous que pour votre famille et encore plus pour votre futur enfant. Qui n\u2019est pas submerg\u00e9 d\u2019\u00e9motion \u00e0 la vue d\u2019une photo de sa m\u00e8re enceinte? Et quand le portrait est une [&hellip;]<\/p>\n","protected":false},"author":1,"featured_media":0,"parent":0,"menu_order":0,"comment_status":"closed","ping_status":"closed","template":"","meta":{"_acf_changed":false,"footnotes":""},"class_list":["post-1919","page","type-page","status-publish","hentry"],"acf":[],"jetpack_sharing_enabled":true,"_links":{"self":[{"href":"https:\/\/sylvaindelaissez.fr\/index.php\/wp-json\/wp\/v2\/pages\/1919","targetHints":{"allow":["GET"]}}],"collection":[{"href":"https:\/\/sylvaindelaissez.fr\/index.php\/wp-json\/wp\/v2\/pages"}],"about":[{"href":"https:\/\/sylvaindelaissez.fr\/index.php\/wp-json\/wp\/v2\/types\/page"}],"author":[{"embeddable":true,"href":"https:\/\/sylvaindelaissez.fr\/index.php\/wp-json\/wp\/v2\/users\/1"}],"replies":[{"embeddable":true,"href":"https:\/\/sylvaindelaissez.fr\/index.php\/wp-json\/wp\/v2\/comments?post=1919"}],"version-history":[{"count":17,"href":"https:\/\/sylvaindelaissez.fr\/index.php\/wp-json\/wp\/v2\/pages\/1919\/revisions"}],"predecessor-version":[{"id":2118,"href":"https:\/\/sylvaindelaissez.fr\/index.php\/wp-json\/wp\/v2\/pages\/1919\/revisions\/2118"}],"wp:attachment":[{"href":"https:\/\/sylvaindelaissez.fr\/index.php\/wp-json\/wp\/v2\/media?parent=1919"}],"curies":[{"name":"wp","href":"https:\/\/api.w.org\/{rel}","templated":true}]}}